e factors of 35176?
2, 4397
What are the prime factors of 5805?
3, 5, 43
What are the prime factors of 14552?
2, 17, 107
What are the prime factors of 758?
2, 379
List the prime factors of 31.
31
What are the prime factors of 1767?
3, 19, 31
List the prime factors of 1216.
2, 19
List the prime factors of 21828.
2, 3, 17, 107
What are the prime factors of 796?
2, 199
List the prime factors of 4616.
2, 577
List the prime factors of 12432.
2, 3, 7, 37
List the prime factors of 1011.
3, 337
List the prime factors of 146414.
2, 19, 3853
What are the prime factors of 5299?
7, 757
List the prime factors of 920.
2, 5, 23
List the prime factors of 1751.
17, 103
List the prime factors of 1720.
2, 5, 43
List the prime factors of 44710.
2, 5, 17, 263
List the prime factors of 69800.
2, 5, 349
What are the prime factors of 929?
929
What are the prime factors of 12826?
2, 11, 53
List the prime factors of 13547.
19, 23, 31
What are the prime factors of 1680?
2, 3, 5, 7
List the prime factors of 111819.
3, 37273
List the prime factors of 2454.
2, 3, 409
What are the prime factors of 1371?
3, 457
What are the prime factors of 120105?
3, 5, 17, 157
List the prime factors of 738.
2, 3, 41
List the prime factors of 1581.
3, 17, 31
What are the prime factors of 2175?
3, 5, 29
What are the prime factors of 3663?
3, 11, 37
List the prime factors of 919.
919
List the prime factors of 29517.
3, 9839
What are the prime factors of 53945?
5, 10789
What are the prime factors of 1054?
2, 17, 31
List the prime factors of 5917.
61, 97
What are the prime factors of 7831?
41, 191
List the prime factors of 66989.
13, 5153
What are the prime factors of 15997?
17, 941
List the prime factors of 29362.
2, 53, 277
What are the prime factors of 76278?
2, 3, 12713
What are the prime factors of 46210?
2, 5, 4621
List the prime factors of 54423.
3, 6047
List the prime factors of 38347.
31, 1237
List the prime factors of 60891.
3, 20297
List the prime factors of 1113.
3, 7, 53
What are the prime factors of 144730?
2, 5, 41, 353
What are the prime factors of 4844?
2, 7, 173
List the prime factors of 778.
2, 389
What are the prime factors of 42153?
3, 14051
What are the prime factors of 919?
919
List the prime factors of 4120.
2, 5, 103
What are the prime factors of 4405?
5, 881
List the prime factors of 189343.
7, 11, 2459
What are the prime factors of 41578?
2, 20789
List the prime factors of 44005.
5, 13, 677
List the prime factors of 123.
3, 41
List the prime factors of 11620.
2, 5, 7, 83
List the prime factors of 7663.
79, 97
List the prime factors of 411.
3, 137
What are the prime factors of 13580?
2, 5, 7, 97
List the prime factors of 870.
2, 3, 5, 29
What are the prime factors of 1034?
2, 11, 47
List the prime factors of 1365.
3, 5, 7, 13
What are the prime factors of 105632?
2, 3301
List the prime factors of 6338.
2, 3169
List the prime factors of 8924.
2, 23, 97
List the prime factors of 28916.
2, 7229
What are the prime factors of 5279?
5279
What are the prime factors of 229?
229
What are the prime factors of 20385?
3, 5, 151
List the prime factors of 805.
5, 7, 23
List the prime factors of 184387.
7, 53, 71
What are the prime factors of 1839?
3, 613
List the prime factors of 5120.
2, 5
What are the prime factors of 9653?
7, 197
List the prime factors of 37253.
37253
List the prime factors of 2797.
2797
What are the prime factors of 9307?
41, 227
List the prime factors of 482.
2, 241
List the prime factors of 17366.
2, 19, 457
List the prime factors of 4527.
3, 503
What are the prime factors of 33383?
7, 19, 251
List the prime factors of 5716.
2, 1429
List the prime factors of 1855.
5, 7, 53
What are the prime factors of 15522?
2, 3, 13, 199
List the prime factors of 53352.
2, 3, 13, 19
List the prime factors of 491.
491
List the prime factors of 9828.
2, 3, 7, 13
What are the prime factors of 3478?
2, 37, 47
What are the prime factors of 1637?
1637
What are the prime factors of 10618?
2, 5309
What are the prime factors of 28676?
2, 67, 107
What are the prime factors of 1595?
5, 11, 29
List the prime factors of 44066.
2, 11, 2003
What are the prime factors of 91833?
3, 7, 4373
What are the prime factors of 46374?
2, 3, 59, 131
What are the prime factors of 1436?
2, 359
List the prime factors of 11665.
5, 2333
List the prime factors of 1979.
1979
List the prime factors of 5727.
3, 23, 83
List the prime factors of 143774.
2, 71887
What are the prime factors of 4854?
2, 3, 809
What are the prime factors of 5590?
2, 5, 13, 43
What are the prime factors of 2018?
2, 1009
What are the prime factors of 1008?
2, 3, 7
What are the prime factors of 2991?
3, 997
What are the prime factors of 1387?
19, 73
What are the prime factors of 8395?
5, 23, 73
List the prime factors of 3860.
2, 5, 193
List the prime factors of 2341.
2341
What are the prime factors of 22516?
2, 13, 433
What are the prime factors of 38346?
2, 3, 7, 11, 83
What are the prime factors of 5835?
3, 5, 389
What are the prime factors of 775?
5, 31
List the prime factors of 19553.
19553
What are the prime factors of 5168?
2, 17, 19
What are the prime factors of 51208?
2, 37, 173
What are the prime factors of 199?
199
What are the prime factors of 2613?
3, 13, 67
What are the prime factors of 5765?
5, 1153
List the prime factors of 127154.
2, 63577
List the prime factors of 9072.
2, 3, 7
List the prime factors of 9686.
2, 29, 167
List the prime factors of 2322.
2, 3, 43
What are the prime factors of 1023?
3, 11, 31
What are the prime factors of 964?
2, 241
What are the prime factors of 102?
2, 3, 17
List the prime factors of 157309.
47, 3347
List the prime factors of 3260.
2, 5, 163
What are the prime factors of 146?
2, 73
What are the prime factors of 38816?
2, 1213
What are the prime factors of 36956?
2, 9239
List the prime factors of 8061.
3, 2687
List the prime factors of 1492.
2, 373
List the prime factors of 1521.
3, 13
List the prime factors of 4048.
2, 11, 23
List the prime factors of 885.
3, 5, 59
What are the prime factors of 7?
7
What are the prime factors of 3976?
2, 7, 71
What are the prime factors of 9937?
19, 523
List the prime factors of 18153.
3, 2017
List the prime factors of 53378.
2, 13, 2053
What are the prime factors of 40040?
2, 5, 7, 11, 13
List the prime factors of 11273.
11273
List the prime factors of 2679.
3, 19, 47
List the prime factors of 11869.
11, 13, 83
What are the prime factors of 309?
3, 103
What are the prime factors of 770?
2, 5, 7, 11
What are the prime factors of 103377?
3, 17, 2027
What are the prime factors of 703?
19, 37
What are the prime factors of 5666?
2, 2833
List the prime factors of 1000.
2, 5
List the prime factors of 19067.
23, 829
What are the prime factors of 3179?
11, 17
What are the prime factors of 37696?
2, 19, 31
What are the prime factors of 7111?
13, 547
What are the prime factors of 1439?
1439
What are the prime factors of 1425?
3, 5, 19
What are the prime factors of 1416?
2, 3, 59
What are the prime factors of 12999?
3, 7, 619
What are the prime factors of 4858?
2, 7, 347
What are the prime factors of 8890?
2, 5, 7, 127
List the prime factors of 9570.
2, 3, 5, 11, 29
List the prime factors of 24368.
2, 1523
List the prime factors of 13300.
2, 5, 7, 19
What are the prime factors of 31142?
2, 23, 677
List the prime factors of 38984.
2, 11, 443
List the prime factors of 66764.
2, 16691
List the prime factors of 1628.
2, 11, 37
List the prime factors of 1889.
1889
What are the prime factors of 982?
2, 491
List the prime factors of 3407.
3407
What are the prime factors of 972?
2, 3
List the prime factors of 72369.
3, 11, 17, 43
List the prime factors of 465.
3, 5, 31
What are the prime factors of 3746?
2, 1873
What are the prime factors of 3002?
2, 19, 79
What are the prime factors of 20595?
3, 5, 1373
List the prime factors of 18964.
2, 11, 431
What are the prime factors of 19350?
2, 3, 5, 43
List the prime factors of 2367.
3, 263
What are the prime factors of 6180?
2, 3, 5, 103
What are the prime factors of 7631?
13, 587
What are the prime factors of 1914?
2, 3, 11, 29
List the prime factors of 432.
2, 3
List the prime factors of 1203.
3, 401
List the prime factors of 13180.
2, 5, 659
What are the prime factors of 24130?
2, 5, 19, 127
What are the prime factors of